k?
5
What is the units digit of (-57560)/(-14)*(-4032)/(-1152)?
0
Let r(g) = 6*g - 20. Let o be r(3). Let x(q) = q**2 - q - 1. Let i(t) = 22*t**2 - 2*t - 2. Let k(n) = i(n) - 3*x(n). What is the tens digit of k(o)?
7
Let o(j) = -4*j + 32. Let z be o(7). Suppose 3*g = -z*n + 7879, -4*n + 3189 + 4689 = 2*g. Suppose -562 = 7*w - n. What is the hundreds digit of w?
2
Suppose 4*l - 2*u = 66, -3*u + 13 = l - 0*u. Suppose -10 = -2*w, 0*w + w + l = -3*n. Let b = 16 - n. What is the tens digit of b?
2
Let q be (99/55)/((-6)/(-50)). Suppose -946 = 4*c - q*c. Suppose c*b - 88*b = -338. What is the units digit of b?
9
Suppose -424855 = -94063*t + 94032*t. What is the ten thousands digit of t?
1
Let u(k) be the first derivative of k**3 + 7*k**2 - 10*k - 1. Let f be (2/(-9) - 704/72) + -1 + 1. What is the hundreds digit of u(f)?
1
Suppose 3*j + 80 - 275 = 0. Let p be (0 - 1)/(13/j). Let h(d) = 11*d**2 + 17*d + 6. What is the units digit of h(p)?
6
Let r be (-12 - 0/(-2))*(5 - 1). Let o = r - -194. What is the tens digit of o?
4
Let s = 17 + -15. Suppose s = -2*l + 3*j + 7, 0 = -5*j + 15. Suppose -479 = -l*z + 277. What is the tens digit of z?
0
Let b(i) = 75*i**2 - 11*i + 13. Let g be b(2). Let c = g + 134. What is the tens digit of c?
2
Let u(c) = c**3 + 12*c**2 - 22*c + 22. Let s be u(-12). Suppose j - 2*x = s + 283, 4*j - 4*x = 2292. What is the hundreds digit of j?
5
Let z(i) = 1530*i**2 - 14*i + 39. What is the thousands digit of z(7)?
4
Let a(y) = y**2 + 5*y + 15. Let r be a(-8). Let x = r + -39. Suppose -k = -4*k + 2*o + 78, x = k + 3*o - 15. What is the units digit of k?
4
Suppose 92*i = 106*i - 700264 - 185614. What is the units digit of i?
7
Let a(k) = -k**3 + 7*k**2 - 6*k + 2. Let i be a(6). Suppose 3*u - 640 = -4*o, i*u = -u - 3*o + 639. What is the hundreds digit of u?
2
Let b = 128060 + -87510. What is the units digit of b?
0
What is the tens digit of (-2)/(-3)*1 - 26/(-6) - -5268?
7
Suppose -89*p - 4176 = -91*p + 5*j, 6298 = 3*p + j. What is the tens digit of p?
9
Suppose -2*h + 2*i = 0, -3*h = h + 5*i - 27. Suppose -584 = -2*x + h*c, 3*x + 2*c - 889 = -0*x. What is the tens digit of x?
9
Suppose 35 = 5*n - 4*u, 2*n - u = -2*u + 14. Let y(h) = h**3 - 1. Let j be y(n). Suppose -8*x = -5*x - j. What is the tens digit of x?
1
Let p be (-4)/(-10)*(15 + -5). Let h(x) = 282*x + 11. What is the tens digit of h(p)?
3
Suppose -5*p = 12*t - 13*t + 10235, -4*p + 10235 = t. What is the hundreds digit of t?
2
Suppose -8*m = -3*j - 10*m + 5795, 3*j - 9*m - 5850 = 0. What is the tens digit of j?
3
Suppose -79*l = -113*l + 505512. What is the ten thousands digit of l?
1
Suppose -2856 = -9*b - 33*b. Let l = b + 581. What is the hundreds digit of l?
6
Suppose -2*p - 4*l = 2, 5*l + 5 = -3*p + p. Suppose p*k + 27 = -o, o + 2*o + 132 = 2*k. Let s = 84 - o. What is the hundreds digit of s?
1
Let k be -5 - (-12 + (-9)/(-3)). Suppose -2*d = -5*d, y - 3 = k*d. Suppose -y*h = n - 216, -h - 624 = -3*n - 4*h. What is the hundreds digit of n?
2
Let k = -11 + 16. Let t be 6*4*(-1)/(-48)*32. Suppose -x + k*l + t = 0, 2*x - 3*l + 6 - 31 = 0. What is the units digit of x?
1
Let j = -9740 + 15771. What is the thousands digit of j?
6
What is the ten thousands digit of 27/15 + 19627648/565?
3
Suppose 83*u = 61*u + 29634. What is the tens digit of u?
4
Suppose 3*w - 4 = 5*w. Let q(b) = 6*b + 3. Let n be q(w). Let z = 77 - n. What is the tens digit of z?
8
Let r be (-56)/84*(-174)/4. Let s = -6 - r. Let n = -26 - s. What is the units digit of n?
9
Suppose 19*h - 63671 = -19534. What is the thousands digit of h?
2
Suppose 5*m = m + 16. Let z(h) = h**2 - 3*h - 2. Let v be z(m). What is the hundreds digit of v + -1 + (-5 - -4)*-121?
1
Let v be (-1572)/10*80/12. Let a = -666 - v. What is the hundreds digit of a?
3
Suppose -486 = 5*o + 4*k, -4*o + 5*o + 4*k + 110 = 0. Suppose 441*r - 572 = 437*r. Let j = o + r. What is the tens digit of j?
4
Let v(d) = -3*d + 76. Let a(j) = 4*j - 80. Let n(x) = -8*x + 159. Let l(o) = -5*a(o) - 3*n(o). Let t(c) = 5*l(c) + 6*v(c). What is the units digit of t(0)?
1
Suppose 884 = -12*i + 2936. Let l = 19 - 11. Suppose -4*z + 3*n + i = l*n, 2*n = -5*z + 218. What is the tens digit of z?
4
Let m = -1193 + 1916. Suppose -p + 727 = 2*q, q - m = -10*p + 9*p. What is the tens digit of p?
1
Suppose 3*l - 2*f - 4 = 0, -4*l - f = -11 - 9. Suppose -2*i + l = -0. Let a = i + 108. What is the tens digit of a?
1
Suppose 189*v - 184*v - 2*j - 79335 = 0, 0 = -3*v - 3*j + 47601. What is the thousands digit of v?
5
Let k be 6/(-4) - 436701/(-46). Suppose -4*w = 10*w - k. What is the hundreds digit of w?
6
Let d(v) = -10*v - 7 + 5*v**2 + 4*v - 5*v**3 + 5*v - 2*v. Let r be d(3). Let k = r + 169. What is the units digit of k?
3
Let o = -50635 - -85232. What is the units digit of o?
7
Suppose 88*u - 92*u = -2*s + 5046, 4*s = u + 10050. What is the hundreds digit of s?
5
Suppose o = -3*a + 4015, 211*o - 209*o = a + 8037. What is the tens digit of o?
1
Let i(x) = 494*x**3 + 4*x**2 + 37*x - 127. What is the ten thousands digit of i(4)?
3
Let j(k) = k**3 + 7*k**2 - 11*k - 4. Let g = 202 - 196. What is the tens digit of j(g)?
9
Let x(v) = -v**3 - 33*v**2 - 46*v - 110. What is the units digit of x(-34)?
0
Let s(k) = k**2 + 14*k + 29. Let v be s(-12). Suppose 0 = -3*c + v*c - 682. Let n = c - 200. What is the hundreds digit of n?
1
Let y(w) = 1132*w**2 - 240*w + 479. What is the tens digit of y(2)?
2
Suppose 70*v - 61*v = -396. Let a = 109 - v. What is the units digit of a?
3
Let c = 28 - 28. Suppose c = -y - 2*z - 18, -y + 5*z - 17 = 8. What is the units digit of ((-8)/y - -1) + 4/(-10)?
1
Let u be 0/11*-1*2/2. Suppose u = -0*x - 3*x + 9*x. Suppose -2*p + 160 = 4*s - 206, -2*s - 4*p + 192 = x. What is the tens digit of s?
9
Let i(l) = l**3 + 3*l**2 - 3*l + 8. Let r be 2 + 0 + -2 + 14/7. Let u be r - (-1 + (2 - 3)). What is the units digit of i(u)?
8
Let j = 165 + 51. What is the units digit of ((-29016)/j)/(1/(-6))?
6
What is the hundreds digit of 4/(-46) + 10/115 + 904?
9
What is the units digit of (786 - 7)/(4/8)?
8
Suppose 18*o = 13*o - 40. Let v be o/4 + (-5)/1. Let h(t) = 3*t**2 + 11*t + 17. What is the tens digit of h(v)?
8
Let v = -45 + 77. Let l be (-376)/72 + 9 + 2/9. Suppose 0*m + 4*m = -5*o + v, -l*m + 4 = -2*o. What is the units digit of m?
3
Let h = -3 + 7. Suppose v = -5*w + h*v + 2465, -2465 = -5*w - 5*v. What is the units digit of w?
3
Let y(i) = 12*i**3 - i**2. Let w be y(-1). Let q = w - -5. What is the hundreds digit of 3 - (-22)/q - (-2289)/12?
1
Let x(g) = 3*g - 54. Let y be x(20). Suppose o + 25 = y*o. Suppose -4*i = -v + 163 - 36, 710 = 5*v + o*i. What is the tens digit of v?
3
Let x(f) = -10 + 4 - 73*f + 14*f - 14*f - 64. What is the tens digit of x(-13)?
7
Suppose -100*u - 2993 = -101*u + g, 5980 = 2*u - 3*g. What is the tens digit of u?
9
Let m = -50 + 55. Suppose -m*y + 5*p - 465 = 0, y + 4*p + 101 = p. Let w = 65 - y. What is the tens digit of w?
6
Suppose -1787*n + 896*n - 297745 = -898*n. What is the thousands digit of n?
2
Let c(m) = -6*m**3 + 19*m**2 - 9*m - 9. Let x(a) = -4*a + 3 - 12 + 19*a**2 - a**2 - 5*a**3 - 4*a. Let d(j) = -4*c(j) + 5*x(j). What is the tens digit of d(13)?
0
Let z be 3/(-9)*-11 + 2/(-3). Let l be (15/2)/z*-4. What is the units digit of (106/l)/(5/(-75))?
9
Let q(g) = 2*g**2 - 4*g + 2*g - 9 - g. Suppose 15 = -11*i - 18. What is the tens digit of q(i)?
1
Suppose -6*y - 28 = -58. Suppose 0 = 5*r + 3*c - 412 - 1153, 905 = 3*r - y*c. What is the hundreds digit of r?
3
Let f(b) = -614*b**3 - 3*b**2 - 4*b + 12. What is the tens digit of f(-2)?
2
Let r = -435 - -163. Let l = -264 - r. What is the units digit of l?
8
Let h be 1*4/8 - (-15)/10. What is the hundreds digit of ((-5160)/(-4))/h + (-4 - -8)?
6
Let p(l) = -l**2 - 27*l + 52. Let h be p(-27). Suppose 0 = 47*y - h*y - 190. Let m = 187 + y. What is the tens digit of m?
4
Suppose -t - 1350 = 44*t. What is the hundreds digit of (-9120)/(-180)*t/(-2)?
7
Let s = 21193 - 2610. What is the hundreds digit of s?
5
Let g = 1414 + -557. Suppose 2*q = 5*l + 586, 6*l = 3*q + 4*l - g. What is the tens digit of q?
8
Let v be 2/(-5) + 69664/160. Suppose -15*q + 3*z - 1688 = -19*q, -q = 4*z - v. What is the hundreds digit of q?
4
Let i = 304 - 301. Suppose 5*k + 1054 = i*z - 891, -3*k = -12